 3. Determine h(c).
8
Let u(t) be the third derivative of t**5/60 + t**4/24 - 2*t**3/3 + 32*t**2. Let w(h) = 3*h - 2. Let x be w(5). Suppose 4*f = -3*j, 5*j - x = -f + j. Give u(f).
2
Let v(l) = -7*l**3 + 7*l**2 - 5*l - 6. Let x(q) = 20*q**3 - 20*q**2 + 14*q + 18. Let b(n) = 17*v(n) + 6*x(n). What is b(0)?
6
Let x(c) = 578 + 565 - 1145 + c + 3*c**2. Calculate x(2).
12
Let m(s) be the second derivative of s**3/6 + s**2/2 + 33*s. Let k(t) = 6*t + 10. Let q(r) = k(r) - 5*m(r). Give q(0).
5
Let v(g) = g**2 + 3*g - 2. Let k(x) = 9*x + 3. Let i be k(3). Let d be (40/i)/((-4)/42). Let u = -18 - d. Determine v(u).
2
Let u = -8 + 24. Let a be 3/(18/u*(-8)/6). Let m(p) = p**3 - p. What is m(a)?
-6
Let q(r) = -r**3 - 5*r**2 - 7*r - 4. Let g be (8/10)/(-1*1/5). What is q(g)?
8
Let h(v) = v**2 + 5*v + 3. Let f be 3*(-4 - (-40)/6). Let x be (-2)/(f/6)*2. Calculate h(x).
-3
Let o(n) = -n**3 - 5*n**2 + 1. Suppose 6*r = -3*r + 36. Suppose 5*z + 0 + 5 = 4*v, 2*z = -r*v - 30. Determine o(z).
1
Let v(r) = -r**2 + 8*r + 17. Let g be 2 - (-105)/(-56) - (-158)/16. Give v(g).
-3
Suppose -5*k = -0*k - 5*o - 180, 0 = k - 3*o - 30. Let g(h) = -36*h + 103*h - k*h - 32*h + 3. Determine g(2).
-5
Let r(z) = -z**2 - 5*z - 3. Let m(t) = -5*t. Let f be m(-2). Let a(j) = -17 - 20*j + 10*j + 11*j + 2. Let i be a(f). Give r(i).
-3
Let u(l) = 3*l + 13 - 8 - 9. Determine u(2).
2
Let v(b) = -3*b**2 - 6*b + 9. Let h(n) = 2*n**2 + n - 10. Let z(y) = -4*h(y) - 3*v(y). Determine z(-12).
-11
Let y(b) be the second derivative of 0 + 2/3*b**3 + 3/2*b**2 - 8*b. Determine y(-6).
-21
Let i(m) be the second derivative of -m**5/20 - 3*m**4/4 - 5*m**3/3 - 9*m**2/2 + 2*m. Let r be (-1)/(-2)*(1 + (-13 - 4)). Calculate i(r).
7
Let i(u) = 4*u**2 + 3*u + 2. Suppose 2*v = -3*v. Let r be (7 - v) + -7 + 5. Suppose 17 = -r*c + 7. Give i(c).
12
Let g(v) be the second derivative of -v**5/20 - 5*v**4/12 - v**3/6 - 5*v**2/2 - 5*v + 3. Give g(-5).
0
Let h(l) = l**3 - l**2 + l + 1. Let n(c) = -14*c**3 + 6*c**2 - 5*c - 6. Let i(t) = -6*h(t) - n(t). Suppose -19*m + 12*m + 7 = 0. What is i(m)?
7
Suppose -15 = 2*n - 27. Let i(o) be the first derivative of 19/4*o**4 + o + n + 0*o**3 + 0*o**2. Give i(-1).
-18
Let z be (0 + 35)*8*5/100. Let f(h) = -7*h - 9*h + h**2 + z*h. What is f(3)?
3
Let i(n) = -n**3 + 3*n**2 + 2. Let a be 1/((-3)/(-15) - 54/195). Let s = a - -16. What is i(s)?
2
Let f(d) be the first derivative of -9 - 2*d - 1/3*d**3 - 1/2*d**2. What is f(3)?
-14
Let x(z) be the second derivative of -37*z**5/20 - z**4/12 + 212*z. Calculate x(1).
-38
Let w(o) = -o**3 + 611 - 8*o + 616 + 7*o**2 - 1223. What is w(6)?
-8
Let h(n) = 3*n - 23. Let j be h(9). Let q(o) = -o**2 - o - 3. What is q(j)?
-23
Let d be (-1)/(1*(-1)/5). Suppose 2 = d*g + 4*m, 5*g = -0*g + 5*m - 25. Let x(o) = -4*o + 2. Let r(k) = -k. Let u(l) = -2*r(l) + x(l). Calculate u(g).
6
Let o(g) = 8 - g**2 - 28*g - 1 + 0 + 0*g**2 + 35*g. Calculate o(8).
-1
Let i(m) = -8*m - 15. Let p(f) = -5*f - 8. Let j(n) = 3*i(n) - 5*p(n). Give j(4).
-1
Let u(q) be the second derivative of 0 + 12*q + 2*q**2 - 1/2*q**3. Give u(5).
-11
Let w(m) = 5*m + 3. Suppose 0 = -6*p + 9 + 27. Let u(o) = -o**3 + 5*o**2 + 8*o - 14. Let x be u(p). Calculate w(x).
-7
Suppose 0 = 5*o, -o - 83 = -2*l + 11. Suppose l - 17 = 5*v. Let g(d) = -6*d**2 + d**2 + 4*d + 6 + 4*d**2. Determine g(v).
-6
Let z(m) be the first derivative of 4/3*m**3 + 4 - 2*m**2 + 3*m - 1/4*m**4. Calculate z(3).
0
Let x(p) = -20*p - 8 + 3*p**3 - 66*p**2 - 51*p**2 + 92*p**2. Let u(y) = -y**3 + 12*y**2 + 10*y + 4. Let n(m) = 5*u(m) + 2*x(m). Determine n(-9).
-5
Let v(w) be the second derivative of 5/6*w**3 + 1/12*w**4 - 23*w - 1/2*w**2 + 0. Give v(-5).
-1
Let i(j) = 4*j. Let t be i(-1). Let y(x) be the second derivative of -x**4/12 - x**3 - 3*x**2/2 - 840*x. What is y(t)?
5
Suppose 3*y + 3*d + 39 = 0, -4*y + 34 = -3*d + 79. Let n(z) = -z**3 - 12*z**2 + 3*z + 18. Calculate n(y).
-18
Let j(f) = f**2 - 4*f + 3. Let q be 7 - (3 + 5)/4. What is j(q)?
8
Let w(y) be the third derivative of -y**6/120 - 13*y**5/60 - 5*y**4/8 - 8*y**3/3 + 116*y**2. Give w(-12).
20
Let y(v) = 2*v - 4*v - 8 + 3*v + v. Let w(a) = -2*a + 7. Let s(q) = 4*w(q) + 3*y(q). What is s(-4)?
12
Let q = -540 + 539. Let b(f) = -21*f + 1. Determine b(q).
22
Let a = -269 - -280. Let b(v) = v**2 - 10*v - 3. What is b(a)?
8
Let s(x) = 6 + 13*x + 6*x - 20*x. Give s(3).
3
Let z(k) be the third derivative of -k**4/24 - 7*k**3/6 - k**2. Suppose 5*t = -6*f + 3*f + 53, 5*t - 5*f - 45 = 0. Suppose 6*x + 20 = t*x. Calculate z(x).
-12
Suppose -30 = -5*y - 3*l, 0*l + 18 = 3*y + 3*l. Suppose 0 = -9*p - 3 - y. Let g(x) = 2 - 2 + 12*x. Calculate g(p).
-12
Let p(u) be the first derivative of u**4/2 - 2*u**3/3 - u**2 - 3*u - 94. Calculate p(-2).
-23
Suppose 0*y = -2*y. Suppose q = -2*u + 218, 230 = 2*u - y*u - 2*q. Let x(i) = -i**2 + 112*i - 2 - u*i + 0. What is x(0)?
-2
Let g(o) = -o - 5. Let v be (6/4)/(3/12). Determine g(v).
-11
Suppose -6 = 7*s + 50. Let c(w) = -5*w - 39. Calculate c(s).
1
Let i(w) = w**3 + 8*w**2 + 14*w + 12. Let s be i(-6). Let h(d) be the second derivative of 1/20*d**5 + s - 5/2*d**2 - 5/12*d**4 + d - 1/6*d**3. Calculate h(5).
-10
Let x(k) = 0*k**2 - 32 - k + 4*k**2 - 3*k**2 - k**2 - k**2. Give x(0).
-32
Let l be 168/14 - -6*(-1)/2. Let r(p) = -26 + 10 + l + p + 9. What is r(-3)?
-1
Let s(a) = a**3 + 14*a**2 + 24*a - 2. Let w be s(-12). Let t(l) = -3*l. What is t(w)?
6
Let n(r) = r + 6 - 2*r**3 + 14*r**3 - 2*r**2 - 6*r**3 - 12*r**3. Let z(p) = p**3 + p. Let u(b) = -n(b) - 5*z(b). Determine u(-4).
-14
Let o(n) = -n + 4. Let h(c) = 4*c + 9. Let v(z) = h(z) + 3*o(z). What is v(-12)?
9
Let p = -49 + 49. Suppose p = 5*d - 4*v + 16, 4*v = 5*d + v + 17. Let l(y) be the second derivative of y**3/3 + 3*y**2/2 - 2*y. Determine l(d).
-5
Let x(n) = 2*n**3 + 4*n**2 - n - 4. Let c = 26 - 29. Give x(c).
-19
Let b be -13 + 4 + 4 + -8. Let l = 8 - b. Let s be (1 + 2)*(-14)/l. Let c(i) = 2*i**3 + 3*i**2 + 2*i. Give c(s).
-8
Let n be (-954)/265 + 7/(-5). Let a(g) = g - 1. Let q(o) = o**2 + 3*o - 3. Let w(l) = -a(l) - q(l). Calculate w(n).
-1
Let t = -143 + 214. Let c(z) = -147*z + 0 + t*z + 2 + 75*z. Calculate c(4).
-2
Let u(x) = -4*x + 7 - 13 + 5 + 5 + 3. Give u(7).
-21
Let t(m) = -4781 + m + 9572 - 4780. What is t(-13)?
-2
Let l(h) = 11*h + 2. Suppose 16*d = 15*d + 2. Give l(d).
24
Let a be (-13 + 11)/(4/10). Let d be 0 + (-2)/a + 16/10. Let n(j) = j**2 + j - 2. What is n(d)?
4
Let m(w) = 9*w**2 + 3. Let u(h) = 4*h**2 + 1. Let o(b) = -3*m(b) + 7*u(b). Determine o(-5).
23
Let r be (144/96)/(3/(-8)). Let a(q) = 4*q + 15. What is a(r)?
-1
Suppose -12 = d - 7*d. Suppose -5*y + x + 10 = 2*x, d*y - 5*x - 4 = 0. Let g(l) = -26*l**2 + y + l**3 + 10*l**2 + 17*l**2. Calculate g(0).
2
Let g(x) = -2*x - 12. Suppose -25 = 6*n - n. Let q be g(n). Let y = 2 + q. Let w(u) = -u + 7. Determine w(y).
7
Let c(y) = -4*y**2 + 6*y - 9. Let g(r) = -r**2 + 2*r - 1. Let i(t) = c(t) - 5*g(t). What is i(4)?
-4
Let y(i) be the third derivative of 1 + 0*i - 2*i**2 + 1/3*i**3 + 1/24*i**4. Determine y(-4).
-2
Let s = 33 - 30. Let x(t) = 6*t + 1. Let p(z) = z. Let j(v) = s*x(v) - 21*p(v). Give j(5).
-12
Let b(d) = -d**2 - d + 1. Let v(w) = -w - 3. Let t(k) = 1. Let z(s) = -t(s) - v(s). Let o be z(-3). Determine b(o).
1
Let p(q) = q**3 + 6*q**2 + 9*q + 17. Let s be p(-5). Let g(l) = -7*l**2 - 8*l - 2. Let u(n) = -6*n**2 - 7*n - 2. Let z(r) = -5*g(r) + 6*u(r). Calculate z(s).
-5
Let i(y) = -4*y - 29*y**3 + 28*y**3 + 3 - 33*y**2 + 36*y**2. Let f(r) = -r**2 - 5*r + 3. Let o be f(-5). Give i(o).
-9
Let z(p) be the second derivative of -p**3/3 + 7*p**2/2 - 10*p. Let u(q) = -2*q + 6. Let c(i) = -6*u(i) + 5*z(i). Calculate c(4).
7
Let k(m) = m**2 - 5*m + 4. Suppose -253*r - 18 = -256*r. Calculate k(r).
10
Let g(y) = -4*y. Let o = 26 + -28. Let p = -6 - o. Determine g(p).
16
Let u(p) = 19*p. Let m(c) be the second derivative of 5*c**3/3 + c. Let v(l) = 5*m(l) - 3*u(l). Suppose 4*i = -2*k + k - 14, 3*i = 3*k - 3. Calculate v(k).
14
Let h(g) = -72*g - 43. Let f(a) = 61*a + 42. Let d(k) = 7*f(k) + 6*h(k). What is d(9)?
-9
Suppose -3*x + 2*g = 0, 4*g - 1 = 5*x + g. Let n(w) = 0 - 4*w + 7*w + 3. What is n(x)?
-3
Let g(p) be the third derivative of -p**8/20160 - p**7/1008 - p**6/120 - 17*p**5/60 + 12*p**2. Let w(